 - -6?
-86ac49
In base 11, what is -2 + a8900645?
a8900643
In base 6, what is 1010014211 - -33?
1010014244
In base 13, what is 2a65 + -33b?
2727
In base 5, what is 12 + 110010220?
110010232
In base 14, what is -529d33 + 1?
-529d32
In base 5, what is 2011 + -314342?
-312331
In base 4, what is -110123001231303 - 0?
-110123001231303
In base 4, what is -2001011 - 1101213?
-3102230
In base 7, what is 12 + 1543430641?
1543430653
In base 9, what is -2286466057 + 1?
-2286466056
In base 11, what is -34a4138a - 13?
-34a413a2
In base 12, what is 184a + -b9911?
-b8083
In base 6, what is -51241 - -535?
-50302
In base 12, what is -32164 + -6822?
-38986
In base 5, what is 1423330043 - -1?
1423330044
In base 7, what is 300 + -143104562?
-143104262
In base 8, what is -5 + -6651744?
-6651751
In base 3, what is -200 - 11122011201000?
-11122011201200
In base 11, what is -7457990 + -22?
-7457a02
In base 16, what is -2 + 710388?
710386
In base 4, what is -1 - 202232202113?
-202232202120
In base 5, what is 10233042 + 2401?
10240443
In base 12, what is -144 + 3024ab?
302367
In base 16, what is -54 - -19ed?
1999
In base 8, what is 4 - -1723737041?
1723737045
In base 2, what is 100110000 + -1000100111101111010110?
-1000100111101010100110
In base 3, what is 222220211 + 2002221?
1002000202
In base 12, what is 194b43 + 108?
19504b
In base 6, what is -132 + -15314454?
-15315030
In base 7, what is 2 - -1006530?
1006532
In base 8, what is 3234 - 4274?
-1040
In base 2, what is 100 + -110001100110011111000?
-110001100110011110100
In base 7, what is 4214104 + -143?
4213631
In base 15, what is -134bca7 + 15?
-134bc92
In base 8, what is -422707411 - 2?
-422707413
In base 12, what is 2 + -571a3a0?
-571a39a
In base 2, what is -10010011011111010 - 10101110?
-10010011110101000
In base 13, what is -a875a + -47?
-a87a4
In base 14, what is -266510 - 28?
-266538
In base 5, what is -100113130 - 22?
-100113202
In base 10, what is -6751439 - 20?
-6751459
In base 12, what is 19a4664 - 0?
19a4664
In base 3, what is 2210202 + -1121222202?
-1112012000
In base 3, what is 210110111110121 + -10?
210110111110111
In base 13, what is 227b09 + 1?
227b0a
In base 2, what is -110110111111010111100011 + -100?
-110110111111010111100111
In base 14, what is 450 - a958?
-a508
In base 3, what is -21112011222110 - 20?
-21112011222200
In base 8, what is 11056153 + 50?
11056223
In base 10, what is -71 + 42008?
41937
In base 15, what is 4 - -c42b12?
c42b16
In base 14, what is -939a2d - -1?
-939a2c
In base 10, what is -160479 + 151?
-160328
In base 3, what is -11010110010102 - -100?
-11010110010002
In base 12, what is -7 - -199b96?
199b8b
In base 14, what is 10 + -1c0d5b?
-1c0d4b
In base 16, what is ff0eec8 + -1?
ff0eec7
In base 14, what is 4 - -1b860ba?
1b860c0
In base 12, what is 342a9 + 7b?
34368
In base 9, what is 313 - -1486420?
1486733
In base 7, what is -212353002 - 23?
-212353025
In base 4, what is 3223100 + 30302?
3320002
In base 2, what is -100010101011101 - -1100001001?
-100001001010100
In base 15, what is -d022d + -6d?
-d029b
In base 14, what is 780bd3 - 26?
780bab
In base 5, what is 1023404 - 114?
1023240
In base 15, what is 13d9 - -2406?
37e0
In base 12, what is -19b6b4 + b?
-19b6a5
In base 14, what is -10 + -1dc1cd?
-1dc1dd
In base 11, what is 658 - -74821a?
748877
In base 10, what is 11 - 146092?
-146081
In base 7, what is 11 + 230364530?
230364541
In base 12, what is -718432 + -42?
-718474
In base 9, what is -131828255 + 0?
-131828255
In base 6, what is 3241 - 2353102?
-2345421
In base 8, what is -76636525 - 0?
-76636525
In base 6, what is 53223533 + -11?
53223522
In base 8, what is 13107176 + 0?
13107176
In base 7, what is 1 + 6400645?
6400646
In base 2, what is -11101011101111111100100 + 101?
-11101011101111111011111
In base 8, what is -3 - -3026370?
3026365
In base 11, what is -4671a + 223?
-464a7
In base 14, what is -322269c + 0?
-322269c
In base 11, what is -1979 - 14a09?
-16887
In base 4, what is -20123 - -312022?
231233
In base 3, what is 12 + -1000012022010?
-1000012021221
In base 4, what is -3 + 11222133201?
11222133132
In base 16, what is -6e0f0 + 1a?
-6e0d6
In base 8, what is -22605 + -4535?
-27342
In base 11, what is 1a971 + -3561?
17410
In base 10, what is 3764666 + 74?
3764740
In base 3, what is -1101220111012001 + -11?
-1101220111012012
In base 6, what is -12140013544 - 1?
-12140013545
In base 11, what is 0 + -2321360?
-2321360
In base 2, what is -1101011110111001010001101 - 101?
-1101011110111001010010010
In base 10, what is -107 - 2489795?
-2489902
In base 4, what is 2 + 22010011223233?
22010011223301
In base 5, what is 410112131 - -2012?
410114143
In base 14, what is 1528398 - 2?
1528396
In base 10, what is 65 + 1559441?
1559506
In base 8, what is 3 + 226642720?
226642723
In base 3, what is 1121211200222 - -2?
1121211201001
In base 13, what is -4 - 182991?
-182995
In base 2, what is 1 + 10010110111110110000111?
10010110111110110001000
In base 12, what is -4614780 + -8?
-4614788
In base 13, what is 0 - 65a988?
-65a988
In base 9, what is 2 - 4406173?
-4406171
In base 5, what is 1403111431030 + -3?
1403111431022
In base 5, what is -1 + 1012340221300?
1012340221244
In base 15, what is 1cdec + 46?
1ce43
In base 4, what is -11 - 320200132030?
-320200132101
In base 12, what is -11 + -154719?
-15472a
In base 4, what is -212213001 + 2223?
-212210112
In base 7, what is 112 - -113400?
113512
In base 7, what is -11 - -121200603?
121200562
In base 15, what is -8ae39 + 34?
-8ae05
In base 3, what is 111011210012220 - -22?
111011210020012
In base 7, what is 12 + -614540056?
-614540044
In base 9, what is -78830053 - -5?
-78830047
In base 15, what is -3 - 4b5a9d0?
-4b5a9d3
In base 4, what is 13311000333 + -1?
13311000332
In base 12, what is -34a + 9732?
93a4
In base 3, what is -110012000022 + -1122122?
-110020122221
In base 2, what is 1100001111101100010111 - -11?
1100001111101100011010
In base 3, what is -112121122121 + -10210?
-112121210101
In base 5, what is -102 - -13014223?
13014121
In base 8, what is 26065 + -1157?
24706
In base 15, what is 4e + -609a7?
-60958
In base 8, what is 10547 - 1753?
6574
In base 7, what is 33 - 302642?
-302606
In base 8, what is -137742 - 5320?
-145262
In base 4, what is 2 + -2330003100030?
-2330003100022
In base 5, what is -1410140404 + -4?
-1410140413
In base 9, what is 15 + -547275?
-547260
In base 15, what is -6 + -7c1570?
-7c1576
In base 9, what is 233660 - -37?
233707
In base 3, what is -21111 + -1121222020?
-1122020201
In base 6, what is 3421 - 2024433?
-2021012
In base 12, what is 391021 - 4?
391019
In base 7, what is -420 - -2206233?
2205513
In base 11, what is 1203 - -10682?
11885
In base 13, what is -1599 + 53cb?
3b32
In base 7, what is -15104060033 + -3?
-15104060036
In base 5, what is 3 - -323213431?
323213434
In base 16, what is 320 + -12b02?
-127e2
In base 16, what is -eab1aef - -1?
-eab1aee
In base 10, what is 13 + -4167767?
-4167754
In base 3, what is 102012 - -10120212010?
10121021022
In base 14, what is 1486655a + 1?
1486655b
In base 8, what is 30 - 4327713?
-4327663
In base 2, what is 10111011001111001000110011 - -1001?
10111011001111001000111100
In base 12, what is -81178880 - -3?
-81178879
In base 8, what is -4605 - -25177?
20372
In base 7, what is 40334620 + -4?
40334613
In base 7, what is -44560246 + 2?
-44560244
In base 15, what is 22d50d - 12c?
22d3d1
In base 4, what is -130 - 10211110?
-10211300
In base 6, what is -14344 - 120415?
-135203
In base 11, what is -18 - -2031764?
2031747
In base 12, what is 18501 - -358?
18859
In base 4, what is 11 + 11111031332?
11111032003
In base 3, what is -202020012 - 10102?
-202100121
In base 11, what is 99 - 8377a1?
-837703
In base 16, what is 1dd7 - -2a8?
207f
In base 4, what is 1200023322122 + -20?
1200023322102
In base 7, what is -5 + 24133134?
24133126
In base 3, what is 111 - 2221011020?
-2221010202
In base 13, what is 4ac11 + 190?
4b0a1
In base 7, what is -663100524 - -5?
-663100516
In base 5, what is -1 + 2024042422?
2024042421
In base 13, what is -4 + c2a993?
c2a98c
In base 8, what is -33 + -14730606?
-14730641
In base 11, what is 9 - -1134693a?
11346948
In base 4, what is 2123111130020 - 12?
2123111130002
In base 15, what is -512a8c3 + -4?
-512a8c7
In base 15, what is -332d - ca5?
-40d3
In b